11, what is a0010138 - -2?
a001013a
In base 5, what is 0 - -121021342?
121021342
In base 12, what is -74b + -12b6?
-1a45
In base 13, what is -1 - 406384?
-406385
In base 11, what is -18a64069 - 1?
-18a6406a
In base 4, what is -201113 + -31222131?
-32023310
In base 2, what is -1000001010 + 10100111111100?
10011111110010
In base 6, what is -2103554430 + -2?
-2103554432
In base 6, what is -3 + 30524035422?
30524035415
In base 15, what is -2a6265 - 4b?
-2a62b1
In base 3, what is 2202202002110012 - -11?
2202202002110100
In base 15, what is -4a6ca + -615?
-4ace0
In base 13, what is b9 + 64302?
643bb
In base 12, what is 140642b4 - 5?
140642ab
In base 16, what is 2acd2c - 4?
2acd28
In base 5, what is 1223322333 - 10?
1223322323
In base 3, what is -11 - -20010121120101221?
20010121120101210
In base 6, what is 12524034 - -15?
12524053
In base 15, what is 42 - 1ae0?
-1a9d
In base 5, what is -43 - -1340430424?
1340430331
In base 9, what is -1532117187 - -2?
-1532117185
In base 11, what is 24402 - 8212?
171a0
In base 10, what is -9 + 6344166?
6344157
In base 6, what is -4433231440 - 3?
-4433231443
In base 7, what is -505313134 - 26?
-505313163
In base 10, what is 30285757 - 4?
30285753
In base 10, what is -28015 + -139?
-28154
In base 9, what is -410547037 - 3?
-410547041
In base 13, what is -5257 + -3b57?
-90b1
In base 14, what is 1aa + 21730?
218da
In base 8, what is -331447 - -524?
-330723
In base 5, what is 304134 + 24330?
334014
In base 2, what is 100101001100100110 + -1011100?
100101001011001010
In base 16, what is -292b660 - 5?
-292b665
In base 10, what is -148 - 865678?
-865826
In base 15, what is a2 + -3069ce?
-30692c
In base 12, what is 279599 - 5?
279594
In base 14, what is -1101 + 67b4?
56b3
In base 15, what is -408190 + -19?
-4081a9
In base 5, what is -4311401 - 13100?
-4330001
In base 3, what is 22212002200202 + 12?
22212002200221
In base 11, what is 1318 - 18a23?
-17706
In base 4, what is 1312 - 23333332203?
-23333330231
In base 8, what is 2126 - 1227130?
-1225002
In base 4, what is -21313132201033 - -11?
-21313132201022
In base 11, what is -121860 + 5?
-121856
In base 15, what is -3d - -5a1b23?
5a1ad5
In base 8, what is 3 - 43620227?
-43620224
In base 12, what is -6123950 - 0?
-6123950
In base 16, what is -9b6ac5 + -6?
-9b6acb
In base 10, what is 136 + 66738?
66874
In base 11, what is 16a504 + -39?
16a476
In base 15, what is 1d93561 + 4?
1d93565
In base 2, what is -100111101110000 + -10101010101?
-101010011000101
In base 12, what is -2806 + -18885?
-1b48b
In base 15, what is -a2b0 + 2c?
-a283
In base 10, what is 80717 + 1014?
81731
In base 5, what is 1303240344432 + -3?
1303240344424
In base 16, what is -8d + -e12?
-e9f
In base 8, what is -14 - -12035061?
12035045
In base 2, what is 1100001 - -111111000111?
1000000101000
In base 2, what is -100 - -100000000101001101101?
100000000101001101001
In base 10, what is -209 - 604276?
-604485
In base 10, what is -630780 + 124?
-630656
In base 9, what is -6253131 - 5?
-6253136
In base 8, what is 245 + 36312351?
36312616
In base 8, what is -4400547 - 15?
-4400564
In base 15, what is e - -3d1d12?
3d1d21
In base 9, what is 15515234 - 4?
15515230
In base 12, what is 8b0 + 546a?
615a
In base 9, what is 10153 - 181?
8862
In base 4, what is 0 - 32222222?
-32222222
In base 2, what is -101010001100011100110 - 100111?
-101010001100100001101
In base 9, what is 1 + 217214025?
217214026
In base 10, what is 417756 + -5?
417751
In base 3, what is -12210112 + 10201020?
-2002022
In base 8, what is 1435211 - 50?
1435141
In base 4, what is -321010111030103 + -10?
-321010111030113
In base 4, what is -11 + -12321231303220?
-12321231303231
In base 7, what is 5 - -25444352?
25444360
In base 14, what is -5 - 344122?
-344127
In base 11, what is 2455 - 6475?
-4020
In base 11, what is 2404177 + 11?
2404188
In base 3, what is 11212001201 + 21100201?
12010102102
In base 9, what is 1 + -1171010?
-1171008
In base 10, what is 3147 + 15087?
18234
In base 8, what is 2550 + 7556?
12326
In base 5, what is -300101 + 10241?
-234310
In base 9, what is 78324430 - -5?
78324435
In base 11, what is 4 - -20073245?
20073249
In base 5, what is 10311 + -2311343?
-2301032
In base 14, what is -2218a1a - -4?
-2218a16
In base 6, what is 203521152 - -4?
203521200
In base 11, what is 5 - -4849527?
4849531
In base 8, what is -12145666 - 104?
-12145772
In base 15, what is -269589 + -9?
-269593
In base 8, what is 667 + -241013?
-240124
In base 9, what is -4410 - 766872?
-772382
In base 5, what is 23 - 113314211?
-113314133
In base 2, what is -100 + -1010001101101000001010?
-1010001101101000001110
In base 3, what is -220 + -111222020021?
-111222021011
In base 10, what is -104896 + 415?
-104481
In base 15, what is 2 - -1a4668d?
1a46690
In base 7, what is -36 + -40540?
-40606
In base 3, what is 11100020002020 - -12?
11100020002102
In base 13, what is 24 - 11aa2c?
-11aa08
In base 12, what is 204b2 + -795?
1b919
In base 14, what is -7b8 + 128d06?
12852c
In base 2, what is 100100000 + -110111101000011110100?
-110111100111111010100
In base 13, what is -183937 + -13c?
-183a76
In base 13, what is -7a263 + -b5?
-7a348
In base 9, what is 4 - -4841057?
4841062
In base 5, what is 141044312 - 24?
141044233
In base 3, what is 1012101 + 2001221210?
2010011011
In base 6, what is 10002451 + 50?
10002541
In base 9, what is 16 + -113155?
-113138
In base 14, what is 900a + 4978?
d984
In base 2, what is -110110001 + 10011111011110?
10011000101101
In base 6, what is -201200 - -510?
-200250
In base 7, what is -355 - 563460?
-564145
In base 14, what is -510db - -7d?
-5105c
In base 2, what is 1010001001000101 + 1110010101?
1010010111011010
In base 2, what is 1000000 - 101000100010011100?
-101000100001011100
In base 16, what is 6a7c - -d3d4?
13e50
In base 12, what is -19 - -2143471?
2143454
In base 10, what is 0 + 3621?
3621
In base 15, what is -14c3 - 6b37?
-810a
In base 4, what is 330312311330 - -23?
330312312013
In base 7, what is 1 + 10622224?
10622225
In base 7, what is -55 + -10610105?
-10610163
In base 5, what is 2011 - 1220?
241
In base 9, what is -1 + 6822102?
6822101
In base 7, what is -3206011 + -6066?
-3215110
In base 7, what is -15 + -15111525?
-15111543
In base 6, what is 52213423211 + 3?
52213423214
In base 7, what is -11156 - -1530?
-6326
In base 10, what is -7967 + 359?
-7608
In base 8, what is 41057520 + -4?
41057514
In base 16, what is -cbe9c6 + 3?
-cbe9c3
In base 14, what is -210 - 19d462?
-19d672
In base 2, what is 10101110101110110001111101 + -1?
10101110101110110001111100
In base 16, what is -2d6 + 12a?
-1ac
In base 6, what is -222054 - -41354?
-140300
In base 10, what is 1895 - -8994?
10889
In base 7, what is -2 + 526113563?
526113561
In base 8, what is 146 - 1620176?
-1620030
In base 4, what is -203012011 - 0?
-203012011
In base 4, what is 1100 + 110331310?
110333010
In base 2, what is 10110000110010 - -101000010?
10110101110100
In base 2, what is -10000111010 - -10001000100110?
1110111101100
In base 16, what is 4d0f89 - 51?
4d0f38
In base 9, what is 36077858 - -4?
36077863
In base 16, what is c8 - -19c6a?
19d32
In base 13, what is -2a4424 + 3b5?
-2a403c
In base 4, what is -31102 + 1020001332?
1013310230
In base 14, what is 8247 + -d6?
8151
In base 7, what is -25216 + -12052?
-40301
In base 10, what is 318 + 11966?
12284
In base 2, what is 1011001 + 1001110000100001000110?
1001110000100010011111
In base 13, what is c - 2479502?
-24794c3
In base 11, what is -564 + -2309?
-2872
In base 15, what is -4 + -26437?
-2643b
In base 15, what is 5237b + 2?
5237d
In base 9, what is 5 - 23134318?
-23134313
In base 5, what is 1410411003024 - -2?
1410411003031
In base 10, what is -277890 - 76?
-277966
In base 15, what is 18539 + -1b?
1851d
In base 14, what is -1 + 2a0d402?
2a0d401
In base 10, what is 24 + -47787646?
-47787622
In base 7, what is -20 - 3662145?
-3662165
In base 4, what is -233013 + 212213?
-20200
In base 15, what is -2a4 - -33c7e?
339ca
In base 2, what is 1100010011 - 1110001?
1010100010
In base 13, what is -23 - 181c4b?
-181c71
In base 11, what is 160a77 + 119?
161095
In base 15, what is 10 + 857513?
857523
In base 10, what is 15947 - 2484?
13463
In base 13, what is 354ab3 - 25a?
354856
In base 15, what is -1383 - -7?
-137b
In base 9, what is 4 - -527